{"id":244,"date":"2022-07-22T18:44:55","date_gmt":"2022-07-22T18:44:55","guid":{"rendered":"https:\/\/dev.fuegoyamana.com\/abreu\/?page_id=244"},"modified":"2022-09-16T17:11:24","modified_gmt":"2022-09-16T17:11:24","slug":"servicios","status":"publish","type":"page","link":"https:\/\/abreu.com.ar\/desarrollo-filtros\/servicios\/","title":{"rendered":"Servicios"},"content":{"rendered":"<p>[et_pb_section fb_built=\u00bb1&#8243; _builder_version=\u00bb4.17.6&#8243; _module_preset=\u00bbdefault\u00bb custom_padding=\u00bb||85px|||\u00bb global_colors_info=\u00bb{}\u00bb][et_pb_row _builder_version=\u00bb4.17.3&#8243; _module_preset=\u00bbdefault\u00bb global_colors_info=\u00bb{}\u00bb][et_pb_column type=\u00bb4_4&#8243; _builder_version=\u00bb4.17.3&#8243; _module_preset=\u00bbdefault\u00bb global_colors_info=\u00bb{}\u00bb][et_pb_text _builder_version=\u00bb4.17.3&#8243; _module_preset=\u00bba0682651-9d86-4125-b11f-874ccf4f02a8&#8243; global_colors_info=\u00bb{}\u00bb]<\/p>\n<h1>Servicios<\/h1>\n<p>[\/et_pb_text][\/et_pb_column][\/et_pb_row][et_pb_row column_structure=\u00bb1_3,2_3&#8243; _builder_version=\u00bb4.17.3&#8243; _module_preset=\u00bbdefault\u00bb custom_margin=\u00bb||30px||false|false\u00bb global_colors_info=\u00bb{}\u00bb][et_pb_column type=\u00bb1_3&#8243; _builder_version=\u00bb4.17.3&#8243; _module_preset=\u00bbdefault\u00bb global_colors_info=\u00bb{}\u00bb][et_pb_image src=\u00bbhttps:\/\/abreu.com.ar\/desarrollo-filtros\/wp-content\/uploads\/2022\/09\/Servicios-Posventa-mantenimiento.jpg\u00bb title_text=\u00bbServicios-Posventa-mantenimiento\u00bb _builder_version=\u00bb4.18.0&#8243; _module_preset=\u00bbdefault\u00bb hover_enabled=\u00bb0&#8243; global_colors_info=\u00bb{}\u00bb sticky_enabled=\u00bb0&#8243;][\/et_pb_image][\/et_pb_column][et_pb_column type=\u00bb2_3&#8243; _builder_version=\u00bb4.17.3&#8243; _module_preset=\u00bbdefault\u00bb global_colors_info=\u00bb{}\u00bb][et_pb_text _builder_version=\u00bb4.17.3&#8243; _module_preset=\u00bba0682651-9d86-4125-b11f-874ccf4f02a8&#8243; header_3_text_color=\u00bb#0073CB\u00bb global_colors_info=\u00bb{}\u00bb]<\/p>\n<h3>Posventa y Mantenimiento<\/h3>\n<p>Ofrecemos un servicio de asesoramiento t\u00e9cnico y posventa profesional y personalizado para cada uno de los equipos fabricados. Nuestros experimentados especialistas e ingenieros de mantenimiento le proporcionar\u00e1n atenci\u00f3n personalizada y el soporte adecuado para garantizar el funcionamiento seguro y sin problemas de los equipos.<\/p>\n<p>[\/et_pb_text][\/et_pb_column][\/et_pb_row][et_pb_row column_structure=\u00bb1_3,2_3&#8243; _builder_version=\u00bb4.17.3&#8243; _module_preset=\u00bbdefault\u00bb custom_margin=\u00bb||30px||false|false\u00bb global_colors_info=\u00bb{}\u00bb][et_pb_column type=\u00bb1_3&#8243; _builder_version=\u00bb4.17.3&#8243; _module_preset=\u00bbdefault\u00bb global_colors_info=\u00bb{}\u00bb][et_pb_image src=\u00bbhttps:\/\/abreu.com.ar\/desarrollo-filtros\/wp-content\/uploads\/2022\/09\/Servicios-Repuestos.jpg\u00bb title_text=\u00bbServicios-Repuestos\u00bb _builder_version=\u00bb4.18.0&#8243; _module_preset=\u00bbdefault\u00bb hover_enabled=\u00bb0&#8243; global_colors_info=\u00bb{}\u00bb sticky_enabled=\u00bb0&#8243;][\/et_pb_image][\/et_pb_column][et_pb_column type=\u00bb2_3&#8243; _builder_version=\u00bb4.17.3&#8243; _module_preset=\u00bbdefault\u00bb global_colors_info=\u00bb{}\u00bb][et_pb_text _builder_version=\u00bb4.17.3&#8243; _module_preset=\u00bba0682651-9d86-4125-b11f-874ccf4f02a8&#8243; header_3_text_color=\u00bb#0073CB\u00bb global_colors_info=\u00bb{}\u00bb]<\/p>\n<h3>Repuestos<\/h3>\n<p>Con un enfoque centrado en el cliente, aseguramos la reposici\u00f3n permanente de cada una de las piezas de todos los modelos fabricados a la fecha, y as\u00ed mismo brindamos un servicio de reparaci\u00f3n y mantenimiento en caso de desgaste o da\u00f1os en equipos de nuestra fabricaci\u00f3n. T\u00e9cnicos altamente calificados determinar\u00e1n las piezas de repuesto necesarias, permitiendo dar respuesta de forma r\u00e1pida y eficiente al momento de informar una falla.<br \/>La utilizaci\u00f3n de repuestos originales garantizan la durabilidad y el correcto funcionamiento de su equipo, prolongando as\u00ed su vida \u00fatil y cuidando su capital.<\/p>\n<p>[\/et_pb_text][\/et_pb_column][\/et_pb_row][et_pb_row column_structure=\u00bb1_3,2_3&#8243; _builder_version=\u00bb4.17.3&#8243; _module_preset=\u00bbdefault\u00bb custom_margin=\u00bb||30px||false|false\u00bb global_colors_info=\u00bb{}\u00bb][et_pb_column type=\u00bb1_3&#8243; _builder_version=\u00bb4.17.3&#8243; _module_preset=\u00bbdefault\u00bb global_colors_info=\u00bb{}\u00bb][et_pb_image src=\u00bbhttps:\/\/abreu.com.ar\/desarrollo-filtros\/wp-content\/uploads\/2022\/09\/Servicios-retrocambio.jpg\u00bb title_text=\u00bbServicios-retrocambio\u00bb _builder_version=\u00bb4.18.0&#8243; _module_preset=\u00bbdefault\u00bb hover_enabled=\u00bb0&#8243; global_colors_info=\u00bb{}\u00bb sticky_enabled=\u00bb0&#8243;][\/et_pb_image][\/et_pb_column][et_pb_column type=\u00bb2_3&#8243; _builder_version=\u00bb4.17.3&#8243; _module_preset=\u00bbdefault\u00bb global_colors_info=\u00bb{}\u00bb][et_pb_text _builder_version=\u00bb4.17.3&#8243; _module_preset=\u00bba0682651-9d86-4125-b11f-874ccf4f02a8&#8243; header_3_text_color=\u00bb#0073CB\u00bb global_colors_info=\u00bb{}\u00bb]<\/p>\n<h3>Retrocambio<\/h3>\n<p>El sistema modular de bandas termopl\u00e1sticas Intralox, adem\u00e1s de brindar una prolongada vida \u00fatil, requiere de bajo mantenimiento por el poco desgaste que sufre y evita los residuos met\u00e1licos que se originan con las espirales met\u00e1licas tradicionales. Es as\u00ed que proporcionamos un servicio de actualizaci\u00f3n de bandas transportadoras met\u00e1licas por bandas transportadoras pl\u00e1sticas en los espirales, mejorando el rendimiento, la eficiencia y limpieza del viejo sistema, con la \u00faltima tecnolog\u00eda del mercado.<\/p>\n<p>[\/et_pb_text][\/et_pb_column][\/et_pb_row][et_pb_row column_structure=\u00bb1_3,2_3&#8243; _builder_version=\u00bb4.17.3&#8243; _module_preset=\u00bbdefault\u00bb custom_margin=\u00bb||30px||false|false\u00bb global_colors_info=\u00bb{}\u00bb][et_pb_column type=\u00bb1_3&#8243; _builder_version=\u00bb4.17.3&#8243; _module_preset=\u00bbdefault\u00bb global_colors_info=\u00bb{}\u00bb][et_pb_image src=\u00bbhttps:\/\/abreu.com.ar\/desarrollo-filtros\/wp-content\/uploads\/2022\/06\/Servicios-trabajos-en-planta.jpg\u00bb title_text=\u00bbServicios-trabajos-en-planta\u00bb _builder_version=\u00bb4.17.4&#8243; _module_preset=\u00bbdefault\u00bb hover_enabled=\u00bb0&#8243; global_colors_info=\u00bb{}\u00bb sticky_enabled=\u00bb0&#8243;][\/et_pb_image][\/et_pb_column][et_pb_column type=\u00bb2_3&#8243; _builder_version=\u00bb4.17.3&#8243; _module_preset=\u00bbdefault\u00bb global_colors_info=\u00bb{}\u00bb][et_pb_text _builder_version=\u00bb4.17.3&#8243; _module_preset=\u00bba0682651-9d86-4125-b11f-874ccf4f02a8&#8243; header_3_text_color=\u00bb#0073CB\u00bb global_colors_info=\u00bb{}\u00bb]<\/p>\n<h3>Trabajos en plantas<\/h3>\n<p>Contamos con un equipo altamente calificado de profesionales y t\u00e9cnicos para realizar la instalaci\u00f3n, montaje y mantenimiento de nuestros equipos emplazados en las plantas de nuestros clientes.<\/p>\n<p>[\/et_pb_text][\/et_pb_column][\/et_pb_row][et_pb_row column_structure=\u00bb1_3,2_3&#8243; _builder_version=\u00bb4.17.3&#8243; _module_preset=\u00bbdefault\u00bb custom_margin=\u00bb||30px||false|false\u00bb global_colors_info=\u00bb{}\u00bb][et_pb_column type=\u00bb1_3&#8243; _builder_version=\u00bb4.17.3&#8243; _module_preset=\u00bbdefault\u00bb global_colors_info=\u00bb{}\u00bb][et_pb_image src=\u00bbhttps:\/\/abreu.com.ar\/desarrollo-filtros\/wp-content\/uploads\/2022\/09\/Servicios-ingenieria.jpg\u00bb title_text=\u00bbServicios-ingenieria\u00bb _builder_version=\u00bb4.18.0&#8243; _module_preset=\u00bbdefault\u00bb hover_enabled=\u00bb0&#8243; global_colors_info=\u00bb{}\u00bb sticky_enabled=\u00bb0&#8243;][\/et_pb_image][\/et_pb_column][et_pb_column type=\u00bb2_3&#8243; _builder_version=\u00bb4.17.3&#8243; _module_preset=\u00bbdefault\u00bb global_colors_info=\u00bb{}\u00bb][et_pb_text _builder_version=\u00bb4.17.3&#8243; _module_preset=\u00bba0682651-9d86-4125-b11f-874ccf4f02a8&#8243; header_3_text_color=\u00bb#0073CB\u00bb global_colors_info=\u00bb{}\u00bb]<\/p>\n<h3>Servicio de Ingenier\u00eda<\/h3>\n<p>Somos el partner perfecto para el desarrollo de cualquier proyecto, aportando todo nuestro conocimiento y a\u00f1os de experiencia. Nuestro departamento de ingenier\u00eda se encuentra a disposici\u00f3n para el dise\u00f1o de equipos personalizados que cumplan con las especificaciones requeridas por el cliente.<\/p>\n<p>[\/et_pb_text][\/et_pb_column][\/et_pb_row][et_pb_row column_structure=\u00bb1_3,2_3&#8243; _builder_version=\u00bb4.17.3&#8243; _module_preset=\u00bbdefault\u00bb custom_margin_tablet=\u00bb||50px||false|false\u00bb custom_margin_phone=\u00bb||50px||false|false\u00bb global_colors_info=\u00bb{}\u00bb][et_pb_column type=\u00bb1_3&#8243; _builder_version=\u00bb4.17.3&#8243; _module_preset=\u00bbdefault\u00bb global_colors_info=\u00bb{}\u00bb][et_pb_image src=\u00bbhttps:\/\/abreu.com.ar\/desarrollo-filtros\/wp-content\/uploads\/2022\/09\/Servicios-fabricacion-a-medida.jpg\u00bb title_text=\u00bbServicios-fabricacion-a-medida\u00bb _builder_version=\u00bb4.18.0&#8243; _module_preset=\u00bbdefault\u00bb hover_enabled=\u00bb0&#8243; global_colors_info=\u00bb{}\u00bb sticky_enabled=\u00bb0&#8243;][\/et_pb_image][\/et_pb_column][et_pb_column type=\u00bb2_3&#8243; _builder_version=\u00bb4.17.3&#8243; _module_preset=\u00bbdefault\u00bb global_colors_info=\u00bb{}\u00bb][et_pb_text _builder_version=\u00bb4.17.4&#8243; _module_preset=\u00bba0682651-9d86-4125-b11f-874ccf4f02a8&#8243; header_3_text_color=\u00bb#0073CB\u00bb global_colors_info=\u00bb{}\u00bb]<\/p>\n<h3>Fabricaci\u00f3n a medida<\/h3>\n<p>Sabemos que cada industria y cliente presentan requerimientos particulares y \u00fanicos. Ofrecemos el servicio de fabricaci\u00f3n a medida, bas\u00e1ndonos en las necesidades espec\u00edficas de cada cliente, partiendo de los equipos que desarrollamos. Trabajamos de manera colaborativa con nuestros clientes en el an\u00e1lisis de la necesidad, dise\u00f1o, y planteo de una soluci\u00f3n \u00f3ptima, poniendo a disposici\u00f3n la misma tecnolog\u00eda de punta que utilizamos en nuestra cadena de producci\u00f3n.<\/p>\n<p>[\/et_pb_text][\/et_pb_column][\/et_pb_row][\/et_pb_section]<\/p>\n","protected":false},"excerpt":{"rendered":"<p>ServiciosPosventa y Mantenimiento Ofrecemos un servicio de asesoramiento t\u00e9cnico y posventa profesional y personalizado para cada uno de los equipos fabricados. Nuestros experimentados especialistas e ingenieros de mantenimiento le proporcionar\u00e1n atenci\u00f3n personalizada y el soporte adecuado para garantizar el funcionamiento seguro y sin problemas de los equipos.Repuestos Con un enfoque centrado en el cliente, aseguramos [&hellip;]<\/p>\n","protected":false},"author":3,"featured_media":0,"parent":0,"menu_order":0,"comment_status":"closed","ping_status":"closed","template":"","meta":{"_acf_changed":false,"_et_pb_use_builder":"on","_et_pb_old_content":"<!-- wp:divi\/placeholder \/-->","_et_gb_content_width":"","footnotes":"","_links_to":"","_links_to_target":""},"class_list":["post-244","page","type-page","status-publish","hentry"],"acf":[],"_links":{"self":[{"href":"https:\/\/abreu.com.ar\/desarrollo-filtros\/wp-json\/wp\/v2\/pages\/244","targetHints":{"allow":["GET"]}}],"collection":[{"href":"https:\/\/abreu.com.ar\/desarrollo-filtros\/wp-json\/wp\/v2\/pages"}],"about":[{"href":"https:\/\/abreu.com.ar\/desarrollo-filtros\/wp-json\/wp\/v2\/types\/page"}],"author":[{"embeddable":true,"href":"https:\/\/abreu.com.ar\/desarrollo-filtros\/wp-json\/wp\/v2\/users\/3"}],"replies":[{"embeddable":true,"href":"https:\/\/abreu.com.ar\/desarrollo-filtros\/wp-json\/wp\/v2\/comments?post=244"}],"version-history":[{"count":1,"href":"https:\/\/abreu.com.ar\/desarrollo-filtros\/wp-json\/wp\/v2\/pages\/244\/revisions"}],"predecessor-version":[{"id":2762,"href":"https:\/\/abreu.com.ar\/desarrollo-filtros\/wp-json\/wp\/v2\/pages\/244\/revisions\/2762"}],"wp:attachment":[{"href":"https:\/\/abreu.com.ar\/desarrollo-filtros\/wp-json\/wp\/v2\/media?parent=244"}],"curies":[{"name":"wp","href":"https:\/\/api.w.org\/{rel}","templated":true}]}}